{"id":359,"date":"2021-05-13T05:31:27","date_gmt":"2021-05-13T05:31:27","guid":{"rendered":"http:\/\/www.kiinteistopalvelujokinen.fi\/?page_id=359"},"modified":"2023-08-17T06:21:39","modified_gmt":"2023-08-17T06:21:39","slug":"home","status":"publish","type":"page","link":"http:\/\/www.kiinteistopalvelujokinen.fi\/","title":{"rendered":"Kiinteist\u00f6palvelu Jokinen Oy"},"content":{"rendered":"\n<div style=\"height:100px\" aria-hidden=\"true\" class=\"wp-block-spacer\"><\/div>\n\n\n\n<div class=\"wp-block-uagb-container uagb-block-985defea alignfull uagb-is-root-container\"><div class=\"uagb-container-inner-blocks-wrap\">\n<div class=\"wp-block-uagb-container uagb-block-6ab8259f\">\n<div class=\"wp-block-uagb-info-box uagb-block-b1006d6b uagb-infobox__content-wrap  uagb-infobox-icon-above-title uagb-infobox-image-valign-top\"><div class=\"uagb-ifb-content\"><div class=\"uagb-ifb-title-wrap\"><h1 class=\"uagb-ifb-title\">Hei! Mahtavaa, ett\u00e4 l\u00f6ysit meid\u00e4t!<\/h1><\/div><p class=\"uagb-ifb-desc\"><br>Olemme Helsingin Kalliossa toimiva kiinteist\u00f6huoltoalan yritys. Tarjoamme taloyhti\u00f6ille kiinteist\u00f6huoltoa ja siivousta <br>Kallio-Hakaniemi -alueella vuoden jokaisena p\u00e4iv\u00e4n\u00e4, kellon ymp\u00e4ri. <br><br><\/p><\/div><\/div>\n<\/div>\n\n\n\n<div class=\"wp-block-uagb-container uagb-block-6987249b\">\n<figure class=\"wp-block-image size-large is-resized\"><img decoding=\"async\" loading=\"lazy\" src=\"http:\/\/www.kiinteistopalvelujokinen.fi\/wp-content\/uploads\/2023\/06\/torkkelinkuja-kesalla-768x1024.jpg\" alt=\"\" width=\"384\" height=\"515\"\/><\/figure>\n<\/div>\n<\/div><\/div>\n\n\n\n<div class=\"wp-block-uagb-container uagb-block-f0565509 alignfull uagb-is-root-container\"><div class=\"uagb-container-inner-blocks-wrap\">\n<div class=\"wp-block-uagb-container uagb-block-9d45b5dc\">\n<figure class=\"wp-block-image size-large\"><img decoding=\"async\" loading=\"lazy\" width=\"1024\" height=\"768\" src=\"http:\/\/www.kiinteistopalvelujokinen.fi\/wp-content\/uploads\/2023\/08\/4b9a6e24-1af9-45ff-9525-38a8192dec0b-2-1024x768.jpg\" alt=\"\" class=\"wp-image-732\" srcset=\"http:\/\/www.kiinteistopalvelujokinen.fi\/wp-content\/uploads\/2023\/08\/4b9a6e24-1af9-45ff-9525-38a8192dec0b-2-1024x768.jpg 1024w, http:\/\/www.kiinteistopalvelujokinen.fi\/wp-content\/uploads\/2023\/08\/4b9a6e24-1af9-45ff-9525-38a8192dec0b-2-300x225.jpg 300w, http:\/\/www.kiinteistopalvelujokinen.fi\/wp-content\/uploads\/2023\/08\/4b9a6e24-1af9-45ff-9525-38a8192dec0b-2-768x576.jpg 768w, http:\/\/www.kiinteistopalvelujokinen.fi\/wp-content\/uploads\/2023\/08\/4b9a6e24-1af9-45ff-9525-38a8192dec0b-2-1536x1152.jpg 1536w, http:\/\/www.kiinteistopalvelujokinen.fi\/wp-content\/uploads\/2023\/08\/4b9a6e24-1af9-45ff-9525-38a8192dec0b-2.jpg 1600w\" sizes=\"(max-width: 1024px) 100vw, 1024px\" \/><\/figure>\n<\/div>\n\n\n\n<div class=\"wp-block-uagb-container uagb-block-071b7f6b\">\n<p><\/p>\n\n\n\n<p><\/p>\n\n\n\n<div class=\"wp-block-uagb-advanced-heading uagb-block-825fba93\" id=\"meista\"><h5 class=\"uagb-heading-text\">Keit\u00e4 me olemme? <\/h5><\/div>\n\n\n\n<div class=\"wp-block-uagb-info-box uagb-block-60a02e55 uagb-infobox__content-wrap  uagb-infobox-icon-above-title uagb-infobox-image-valign-top\"><div class=\"uagb-ifb-content\"><div class=\"uagb-ifb-title-wrap\"><h2 class=\"uagb-ifb-title\">Joukko kokeneita ja ammattitaitoisia huoltohenkil\u00f6it\u00e4 ja siistij\u00f6it\u00e4 <br><\/h2><\/div><p class=\"uagb-ifb-desc\"><strong>Yrityksemme tarkoitus on tarjota asiakkaillemme vanhan mallin talonmiespalveluita. <\/strong>Huoltohenkil\u00f6mme tuntevat talot hyvin ja palvelevat jokaista taloa kuin omaansa. Siten pid\u00e4mme ymp\u00e4rist\u00f6n turvallisena ja siistin\u00e4.<strong> Alueella toimivat tutut ty\u00f6ntekij\u00e4t ovat tarvittaessa paikalla nopeasti, jopa minuuteissa! <\/strong><br>&nbsp;<br><\/p><\/div><\/div>\n<\/div>\n<\/div><\/div>\n\n\n\n<div class=\"wp-block-uagb-container uagb-block-d2f55ed0 alignfull uagb-is-root-container\"><div class=\"uagb-container-inner-blocks-wrap\">\n<div class=\"wp-block-uagb-container uagb-block-8d572bab\">\n<div class=\"wp-block-uagb-info-box uagb-block-2a23e2fd uagb-infobox__content-wrap  uagb-infobox-icon-above-title uagb-infobox-image-valign-top\"><div class=\"uagb-ifb-content\"><div class=\"uagb-ifb-title-wrap\"><h3 class=\"uagb-ifb-title\">Putki vuotaa!<br>Avaimet hukassa!<br><br><\/h3><\/div><p class=\"uagb-ifb-desc\">Ei h\u00e4t\u00e4\u00e4.<br><br><strong>Huoltop\u00e4ivystyksemme auttaa joka p\u00e4iv\u00e4<br>ymp\u00e4ri vuorokauden.<\/strong><\/p><\/div><\/div>\n<\/div>\n\n\n\n<div class=\"wp-block-uagb-container uagb-block-ef1e5197\">\n<figure class=\"wp-block-image size-large\"><img decoding=\"async\" loading=\"lazy\" width=\"1024\" height=\"1024\" src=\"http:\/\/www.kiinteistopalvelujokinen.fi\/wp-content\/uploads\/2023\/08\/24hLogoAuto_tausta-1024x1024.png\" alt=\"\" class=\"wp-image-740\" srcset=\"http:\/\/www.kiinteistopalvelujokinen.fi\/wp-content\/uploads\/2023\/08\/24hLogoAuto_tausta-1024x1024.png 1024w, http:\/\/www.kiinteistopalvelujokinen.fi\/wp-content\/uploads\/2023\/08\/24hLogoAuto_tausta-300x300.png 300w, http:\/\/www.kiinteistopalvelujokinen.fi\/wp-content\/uploads\/2023\/08\/24hLogoAuto_tausta-150x150.png 150w, http:\/\/www.kiinteistopalvelujokinen.fi\/wp-content\/uploads\/2023\/08\/24hLogoAuto_tausta-768x768.png 768w, http:\/\/www.kiinteistopalvelujokinen.fi\/wp-content\/uploads\/2023\/08\/24hLogoAuto_tausta-1536x1536.png 1536w, http:\/\/www.kiinteistopalvelujokinen.fi\/wp-content\/uploads\/2023\/08\/24hLogoAuto_tausta.png 2000w\" sizes=\"(max-width: 1024px) 100vw, 1024px\" \/><\/figure>\n<\/div>\n<\/div><\/div>\n\n\n\n<div style=\"height:71px\" aria-hidden=\"true\" class=\"wp-block-spacer\"><\/div>\n\n\n\n<div class=\"wp-block-uagb-container uagb-block-bbf3c06c alignfull uagb-is-root-container\"><div class=\"uagb-container-inner-blocks-wrap\">\n<div class=\"wp-block-uagb-advanced-heading uagb-block-79e4a514\" id=\"palvelumme\"><h2 class=\"uagb-heading-text\">Miten voimme olla avuksi? <\/h2><\/div>\n\n\n\n<div class=\"wp-block-uagb-container uagb-block-11a6f128\">\n<div class=\"wp-block-uagb-info-box uagb-block-7f2c29e9 uagb-infobox__content-wrap  uagb-infobox-icon-above-title uagb-infobox-image-valign-top\"><div class=\"uagb-ifb-content\"><div class=\"uagb-ifb-image-content\"><img decoding=\"async\" src=\"http:\/\/www.kiinteistopalvelujokinen.fi\/wp-content\/uploads\/2023\/06\/14041329191_e1e99359b5_k-e1687427523102-300x300.jpg\" alt=\"\" width=\"\" height=\"0\" loading=\"lazy\"\/><\/div><div class=\"uagb-ifb-title-wrap\"><h4 class=\"uagb-ifb-title\">Palvelut asukkaille<\/h4><\/div><p class=\"uagb-ifb-desc\">Huoltopyynn\u00f6t ja muuttoilmoitukset<br><br>P\u00e4ivystyksemme hoitaa <br>kellonajasta riippumatta kiireiset ty\u00f6t <br>kuten esimerkiksi vesivahingot ja ovien avaukset<\/p><\/div><\/div>\n\n\n\n<div class=\"wp-block-uagb-info-box uagb-block-c7261de7 uagb-infobox__content-wrap  uagb-infobox-icon-above-title uagb-infobox-image-valign-top\"><div class=\"uagb-ifb-content\"><div class=\"uagb-ifb-image-content\"><img decoding=\"async\" src=\"http:\/\/www.kiinteistopalvelujokinen.fi\/wp-content\/uploads\/2023\/06\/lammitys-scaled-e1687427127704-300x300.jpg\" alt=\"\" width=\"\" height=\"0\" loading=\"lazy\"\/><\/div><div class=\"uagb-ifb-title-wrap\"><h4 class=\"uagb-ifb-title\">Talotekniikka <\/h4><\/div><p class=\"uagb-ifb-desc\">Vesi <br>L\u00e4mmitys <br>J\u00e4tevesiviem\u00e4rit <br>Saunat<br>Hissit <br>Paloh\u00e4ytin- ja sammutusj\u00e4rjestelm\u00e4t<\/p><\/div><\/div>\n\n\n\n<div class=\"wp-block-columns is-layout-flex wp-container-2\">\n<div class=\"wp-block-column is-layout-flow\" style=\"flex-basis:100%\">\n<div class=\"wp-block-uagb-info-box uagb-block-8f3c16aa uagb-infobox__content-wrap  uagb-infobox-icon-above-title uagb-infobox-image-valign-top\"><div class=\"uagb-ifb-content\"><div class=\"uagb-ifb-image-content\"><img decoding=\"async\" src=\"http:\/\/www.kiinteistopalvelujokinen.fi\/wp-content\/uploads\/2023\/06\/IMG_1199-1-e1687427203692-300x300.jpg\" alt=\"\" width=\"300\" height=\"300\" loading=\"lazy\"\/><\/div><div class=\"uagb-ifb-title-wrap\"><h3 class=\"uagb-ifb-title\">Huolto- ja ulkoty\u00f6t<\/h3><\/div><p class=\"uagb-ifb-desc\">Ovet ja ikkunat<br>Lukkojen ja saranoiden hoito<br>Yleistilojen tarkkailu<br>Rakennuksen ulkopuolen tarkkailu ja siistiminen<br>&nbsp;<br>Sadevesij\u00e4rjestelm\u00e4n tarkkailu<br>Lumity\u00f6t, hiekoitus<br>Nurmikon leikkaaminen<br>Haravointi<br>J\u00e4tehuollon tarkkailu<\/p><\/div><\/div>\n<\/div>\n<\/div>\n<\/div>\n<\/div><\/div>\n\n\n\n<div style=\"height:100px\" aria-hidden=\"true\" class=\"wp-block-spacer\"><\/div>\n\n\n\n<div class=\"wp-block-uagb-container uagb-block-c770c7f7 alignfull uagb-is-root-container\"><div class=\"uagb-container-inner-blocks-wrap\">\n<div class=\"wp-block-uagb-container uagb-block-d3010305\">\n<div class=\"wp-block-uagb-info-box uagb-block-d3382486 uagb-infobox__content-wrap  uagb-infobox-icon-above-title uagb-infobox-image-valign-top\"><div class=\"uagb-ifb-content\"><div class=\"uagb-ifb-title-wrap\"><h3 class=\"uagb-ifb-title\">Hoidamme my\u00f6s<\/h3><\/div><p class=\"uagb-ifb-desc\"><br>kukkaistutukset<br>pensaiden hoitoleikkaukset<br>muut pienet puutarhaty\u00f6t<br>puutarhakalusteiden \u00f6ljy\u00e4minen\/maalaus<br>pienten varastojen tyhjennys<br>vanhojen polkupy\u00f6rien merkkaus ja kierr\u00e4tys<\/p><\/div><\/div>\n<\/div>\n\n\n\n<div class=\"wp-block-uagb-container uagb-block-2c3eb459\">\n<figure class=\"wp-block-image size-large\"><img decoding=\"async\" loading=\"lazy\" width=\"1024\" height=\"1024\" src=\"http:\/\/www.kiinteistopalvelujokinen.fi\/wp-content\/uploads\/2023\/08\/IMG_1527-2-1024x1024.jpg\" alt=\"\" class=\"wp-image-725\" srcset=\"http:\/\/www.kiinteistopalvelujokinen.fi\/wp-content\/uploads\/2023\/08\/IMG_1527-2-1024x1024.jpg 1024w, http:\/\/www.kiinteistopalvelujokinen.fi\/wp-content\/uploads\/2023\/08\/IMG_1527-2-300x300.jpg 300w, http:\/\/www.kiinteistopalvelujokinen.fi\/wp-content\/uploads\/2023\/08\/IMG_1527-2-150x150.jpg 150w, http:\/\/www.kiinteistopalvelujokinen.fi\/wp-content\/uploads\/2023\/08\/IMG_1527-2-768x768.jpg 768w, http:\/\/www.kiinteistopalvelujokinen.fi\/wp-content\/uploads\/2023\/08\/IMG_1527-2-1536x1536.jpg 1536w, http:\/\/www.kiinteistopalvelujokinen.fi\/wp-content\/uploads\/2023\/08\/IMG_1527-2.jpg 1800w\" sizes=\"(max-width: 1024px) 100vw, 1024px\" \/><\/figure>\n<\/div>\n<\/div><\/div>\n\n\n\n<div class=\"wp-block-uagb-container uagb-block-0020ec45 alignfull uagb-is-root-container\"><div class=\"uagb-container-inner-blocks-wrap\">\n<div class=\"wp-block-uagb-container uagb-block-e6501ced\">\n<figure class=\"wp-block-image alignleft size-large is-resized\"><img decoding=\"async\" loading=\"lazy\" src=\"http:\/\/www.kiinteistopalvelujokinen.fi\/wp-content\/uploads\/2023\/08\/91ce977a-e036-4d4c-950b-4c9031cb84ae-1024x768.jpg\" alt=\"\" class=\"wp-image-703\" width=\"608\" height=\"457\" srcset=\"http:\/\/www.kiinteistopalvelujokinen.fi\/wp-content\/uploads\/2023\/08\/91ce977a-e036-4d4c-950b-4c9031cb84ae-1024x768.jpg 1024w, http:\/\/www.kiinteistopalvelujokinen.fi\/wp-content\/uploads\/2023\/08\/91ce977a-e036-4d4c-950b-4c9031cb84ae-300x225.jpg 300w, http:\/\/www.kiinteistopalvelujokinen.fi\/wp-content\/uploads\/2023\/08\/91ce977a-e036-4d4c-950b-4c9031cb84ae-768x576.jpg 768w, http:\/\/www.kiinteistopalvelujokinen.fi\/wp-content\/uploads\/2023\/08\/91ce977a-e036-4d4c-950b-4c9031cb84ae-1536x1152.jpg 1536w, http:\/\/www.kiinteistopalvelujokinen.fi\/wp-content\/uploads\/2023\/08\/91ce977a-e036-4d4c-950b-4c9031cb84ae.jpg 1600w\" sizes=\"(max-width: 608px) 100vw, 608px\" \/><\/figure>\n<\/div>\n\n\n\n<div class=\"wp-block-uagb-container uagb-block-8e5cca17\">\n<div class=\"wp-block-uagb-info-box uagb-block-692382e5 uagb-infobox__content-wrap  uagb-infobox-icon-above-title uagb-infobox-image-valign-top\" id=\"yhteystiedot\"><div class=\"uagb-ifb-content\"><div class=\"uagb-ifb-title-wrap\"><h2 class=\"uagb-ifb-title\"><br>Pyyd\u00e4 tarjous, <br>tee muuttoilmoitus tai huoltopyynt\u00f6<\/h2><\/div><p class=\"uagb-ifb-desc\">Puh. 044 755 4495 (p\u00e4ivystys 24\/7)<br><a href=\"mailto:kiinteistopalvelu.jokinen@gmail.com\" target=\"_blank\" rel=\"noreferrer noopener\">kiinteistopalvelu.jokinen@gmail.com<\/a><\/p><\/div><\/div>\n<\/div>\n<\/div><\/div>\n","protected":false},"excerpt":{"rendered":"<p>Keit\u00e4 me olemme? Miten voimme olla avuksi?<\/p>\n","protected":false},"author":1,"featured_media":0,"parent":0,"menu_order":0,"comment_status":"closed","ping_status":"closed","template":"","meta":{"_uag_custom_page_level_css":"","site-sidebar-layout":"no-sidebar","site-content-layout":"plain-container","ast-site-content-layout":"default","site-content-style":"default","site-sidebar-style":"default","ast-global-header-display":"","ast-banner-title-visibility":"","ast-main-header-display":"","ast-hfb-above-header-display":"","ast-hfb-below-header-display":"","ast-hfb-mobile-header-display":"","site-post-title":"disabled","ast-breadcrumbs-content":"","ast-featured-img":"","footer-sml-layout":"","ast-disable-related-posts":"","theme-transparent-header-meta":"enabled","adv-header-id-meta":"","stick-header-meta":"","header-above-stick-meta":"","header-main-stick-meta":"","header-below-stick-meta":"","astra-migrate-meta-layouts":"default","ast-page-background-enabled":"default","ast-page-background-meta":{"desktop":{"background-color":"var(--ast-global-color-4)","background-image":"","background-repeat":"repeat","background-position":"center center","background-size":"auto","background-attachment":"scroll","background-type":"","background-media":"","overlay-type":"","overlay-color":"","overlay-opacity":"","overlay-gradient":""},"tablet":{"background-color":"","background-image":"","background-repeat":"repeat","background-position":"center center","background-size":"auto","background-attachment":"scroll","background-type":"","background-media":"","overlay-type":"","overlay-color":"","overlay-opacity":"","overlay-gradient":""},"mobile":{"background-color":"","background-image":"","background-repeat":"repeat","background-position":"center center","background-size":"auto","background-attachment":"scroll","background-type":"","background-media":"","overlay-type":"","overlay-color":"","overlay-opacity":"","overlay-gradient":""}},"ast-content-background-meta":{"desktop":{"background-color":"var(--ast-global-color-5)","background-image":"","background-repeat":"repeat","background-position":"center center","background-size":"auto","background-attachment":"scroll","background-type":"","background-media":"","overlay-type":"","overlay-color":"","overlay-opacity":"","overlay-gradient":""},"tablet":{"background-color":"var(--ast-global-color-5)","background-image":"","background-repeat":"repeat","background-position":"center center","background-size":"auto","background-attachment":"scroll","background-type":"","background-media":"","overlay-type":"","overlay-color":"","overlay-opacity":"","overlay-gradient":""},"mobile":{"background-color":"var(--ast-global-color-5)","background-image":"","background-repeat":"repeat","background-position":"center center","background-size":"auto","background-attachment":"scroll","background-type":"","background-media":"","overlay-type":"","overlay-color":"","overlay-opacity":"","overlay-gradient":""}}},"uagb_featured_image_src":{"full":false,"thumbnail":false,"medium":false,"medium_large":false,"large":false,"1536x1536":false,"2048x2048":false},"uagb_author_info":{"display_name":"admin","author_link":"http:\/\/www.kiinteistopalvelujokinen.fi\/?author=1"},"uagb_comment_info":0,"uagb_excerpt":"Keit\u00e4 me olemme? Miten voimme olla avuksi?","_links":{"self":[{"href":"http:\/\/www.kiinteistopalvelujokinen.fi\/index.php?rest_route=\/wp\/v2\/pages\/359"}],"collection":[{"href":"http:\/\/www.kiinteistopalvelujokinen.fi\/index.php?rest_route=\/wp\/v2\/pages"}],"about":[{"href":"http:\/\/www.kiinteistopalvelujokinen.fi\/index.php?rest_route=\/wp\/v2\/types\/page"}],"author":[{"embeddable":true,"href":"http:\/\/www.kiinteistopalvelujokinen.fi\/index.php?rest_route=\/wp\/v2\/users\/1"}],"replies":[{"embeddable":true,"href":"http:\/\/www.kiinteistopalvelujokinen.fi\/index.php?rest_route=%2Fwp%2Fv2%2Fcomments&post=359"}],"version-history":[{"count":85,"href":"http:\/\/www.kiinteistopalvelujokinen.fi\/index.php?rest_route=\/wp\/v2\/pages\/359\/revisions"}],"predecessor-version":[{"id":761,"href":"http:\/\/www.kiinteistopalvelujokinen.fi\/index.php?rest_route=\/wp\/v2\/pages\/359\/revisions\/761"}],"wp:attachment":[{"href":"http:\/\/www.kiinteistopalvelujokinen.fi\/index.php?rest_route=%2Fwp%2Fv2%2Fmedia&parent=359"}],"curies":[{"name":"wp","href":"https:\/\/api.w.org\/{rel}","templated":true}]}}